eatest common divisor of x and 6.
6
Suppose 0 = 17*p - 406 - 121. What is the highest common factor of 341 and p?
31
Suppose 0 = 3*v - 0 - 6. Suppose -5*p + 480 = -v*p. Calculate the greatest common factor of 64 and p.
32
Let a = -808 + 1372. What is the highest common factor of 12 and a?
12
Let o(a) be the third derivative of a**4/3 + a**3/2 - 16*a**2. Let q be o(3). What is the greatest common divisor of 18 and q?
9
Let r = -1321 - -1331. What is the highest common factor of 6 and r?
2
Let z = 0 - -10. Calculate the greatest common factor of z and 2.
2
Let v be (-2150)/(-30) + -4 + (-4)/(-3). Calculate the highest common factor of 184 and v.
23
Let a = 270 - 266. Suppose -4*z = z - 180. What is the highest common factor of z and a?
4
Let d = 325 + -310. What is the greatest common divisor of d and 255?
15
Let d = -53 + 72. Let f(n) = -50*n + 6. Let x be f(-5). Let b = x - 123. What is the highest common divisor of d and b?
19
Let q = -1221 + 1224. What is the greatest common factor of q and 4?
1
Let q(v) = 2*v**2 - 22*v - 32. Let a be q(13). Let x be 5*(288/a + -4). Calculate the greatest common divisor of x and 26.
26
Let b = -113 - -137. Let d be (-6)/(-4) + 4188/b. Calculate the highest common factor of 22 and d.
22
Suppose 4*o - 26 = 30. Let b be (-2)/2 + (31 - o). Calculate the highest common divisor of 96 and b.
16
Let j(k) = -16*k - 2. Let a be j(-5). What is the highest common divisor of a and 1?
1
Let n = -177 + 180. What is the highest common divisor of 57 and n?
3
Suppose -3*p - 5*l = -1281, -4*p - 2*l = -0*l - 1722. What is the greatest common divisor of p and 27?
27
Let d = 3 + 0. Suppose w = q + d*w - 3, 0 = -3*q - w + 14. Let x = 44 - q. What is the greatest common divisor of 26 and x?
13
Let p be 3/(4 + -1) + (4 - -21). What is the highest common factor of 26 and p?
26
Suppose -3456 = -52*v + 36*v. What is the greatest common divisor of 8 and v?
8
Let k(l) = 2*l**3 - 6*l**2 + 9*l - 4. Let x be k(4). Calculate the greatest common divisor of x and 16.
16
Suppose -v = -189 - 483. Calculate the greatest common factor of v and 42.
42
Suppose -6*i + 5 = -i, i - 1 = -z. Suppose 6*d - 9*d + 72 = z. What is the highest common divisor of d and 12?
12
Let n(z) = -z**3 - 7*z**2 - 9*z - 8. Let f be n(-6). Let o = 12 - f. What is the greatest common factor of o and 14?
2
Suppose -g + 6 = -39. Suppose -2*w + g = 3. What is the highest common factor of w and 28?
7
Suppose 0 = -16*a + 160 + 64. What is the highest common factor of a and 1638?
14
Suppose 0 = 2*m + 107 - 327. What is the highest common factor of 20 and m?
10
Suppose s + 43 = 2*s. Let g = s + -5. Calculate the highest common factor of 38 and g.
38
Let a = -44 - -46. Suppose -164 = -y - 2*l, y - l = a*l + 144. Calculate the highest common factor of 24 and y.
12
Suppose 361 = 5*h - 74. Let o be -3 + (-4 - -8) + h. Calculate the highest common factor of 8 and o.
8
Suppose 5*u = -5*l + 35, 3*l - u - 19 = -6. Calculate the highest common factor of 20 and l.
5
Let r(t) = 3*t - 33. Let s be r(17). Suppose -68 = -s*u + 16*u. Calculate the highest common factor of 85 and u.
17
Let j(k) = k**2 + 9*k - 11. Let m be j(-11). Suppose m = b + z, -5*b + z + 49 = -b. Calculate the highest common divisor of b and 84.
12
Suppose 4*g + 212 = 3*c, 5*g + 3*c + 242 = c. Let h = g - -54. Calculate the highest common factor of h and 52.
4
Suppose -5*t + 4744 = u, 1784 = 3*t - u - 1056. Calculate the highest common factor of t and 12.
12
Suppose 0 = s - 4*l, l = -s - 3*s + 17. Suppose 4*w = -3*f + 27 + 204, 3*w + s*f - 168 = 0. What is the greatest common divisor of w and 12?
12
Let o(x) = x**2 - 15*x + 10. Suppose 4*u + 19 = 3*k - 21, 60 = 4*k - 2*u. Let j be o(k). Let w = j - 24. Calculate the highest common divisor of w and 6.
2
Let q be (3 + -8)*(-11 + 3). Calculate the highest common factor of 55 and q.
5
Suppose -5*w = -4*w. Suppose w = 7*m - 4*m + 459. Let j be (4/(-6))/(2/m). Calculate the highest common factor of j and 17.
17
Let k be -6 + (8 - 10) + 25. Calculate the highest common factor of 153 and k.
17
Let y be 12/1 + (-260)/52. What is the greatest common divisor of y and 4?
1
Let x be 1727/55 + (24/15 - 2). What is the highest common divisor of 1 and x?
1
Suppose 3*m = -m + 36. Suppose 0 = 5*f - 5, 3*k - 3*f + f - 106 = 0. Calculate the highest common factor of m and k.
9
Let b = -34 - -44. Let u(w) = -w**3 + 3*w - 1. Let d be u(2). Let j be 110 + -3 + d/(-1). What is the greatest common factor of j and b?
10
Let q = -10 + -40. Suppose -6*f + f + 475 = 0. Let v = f + q. What is the greatest common divisor of 5 and v?
5
Suppose 5*n + 38 - 188 = 0. Let b(y) = y**3 - 8*y**2 + 3*y + 10. Let x be b(10). Calculate the greatest common factor of x and n.
30
Let z be 12/18 - ((-390)/9 + 1). Calculate the greatest common factor of z and 172.
43
Suppose -3*a - 1 = -4*a + j, -j = 0. Let c be a - 2*68/(-8). Let y be 2 + 0 - (1 - c). Calculate the greatest common divisor of y and 57.
19
Let v(i) = i**3 - i**2 + i - 5. Let o be v(0). Let g be 16/o + (-3)/(-15). Let q be (-88)/(-12)*-1*g. What is the highest common factor of q and 88?
22
Suppose -h - 3*r = 2*r + 60, 5*h + 155 = 4*r. Let t = h + 37. Let d = -5 - -7. What is the highest common divisor of t and d?
2
Let t(y) = -y + 4. Let q be t(2). Suppose -2*n = n + q*a - 4, 5*a + 12 = -2*n. Calculate the highest common divisor of n and 4.
4
Let r(b) = -b**3 + b**2 - b. Let t be r(0). Suppose -4*w + 7*w - 72 = t. Suppose 25*j = w*j + 15. What is the greatest common divisor of 10 and j?
5
Let q be -12 + 11/(110/890). Let w = 16 + -8. Suppose -4*s + 7*r - 2*r + 3 = 0, 0 = -4*s + 4*r + w. What is the greatest common divisor of s and q?
7
Let r be 35/10*(-16)/(-2). Let p = 36 - r. What is the greatest common factor of p and 88?
8
Suppose -10*r = -16*r + 66. Suppose -8*n - 360 = -r*n. Calculate the highest common factor of n and 300.
60
Let p(u) = -22*u**2 - u + 2. Let k be p(-2). Let n be k*(-5)/((-30)/(-9)). Let a = n + -87. Calculate the highest common factor of a and 13.
13
Let m be (-34)/(0 - 1) + 1. Let c be (6/5)/((-18)/(-225)). Let k = -10 + c. Calculate the greatest common divisor of k and m.
5
Suppose 210 = 5*s - 5*n, 102 = 2*s + 6*n - 2*n. Calculate the highest common divisor of 5 and s.
5
Let n(j) = 3*j + 26. Let f be n(-6). Calculate the greatest common divisor of 100 and f.
4
Suppose -2*y - 4 + 8 = 0. Suppose h + 0 = y. Let p(t) = -t**3 - 2*t**2 + 5*t - 2. Let k be p(-4). What is the highest common factor of k and h?
2
Suppose 5*v = 3*d - 86, 3*v - 46 = -3*d - 2*v. Let y(a) = a**2 + 34*a + 88. Let o be y(0). What is the highest common factor of d and o?
22
Let t = 41 - 40. Let g = t + 12. Calculate the greatest common factor of 117 and g.
13
Let a = 142 - 65. Let k(g) = g**3 - 42*g**2 + 155*g - 5. Let l be k(4). Calculate the highest common factor of a and l.
7
Let q be (-1040)/8*(-2)/4. What is the greatest common divisor of q and 39?
13
Let p = -416 - -430. What is the greatest common divisor of 91 and p?
7
Let s(r) = r**2 - 84. Let i be s(-10). Suppose 141 + 51 = 4*l. What is the greatest common divisor of i and l?
16
Let f be -6 + 3 + 506 + 0 + 1. What is the greatest common divisor of f and 56?
56
Let q = 103 + -94. Suppose -20 = 9*i - 4*i. Let t(y) = y**3 + 5*y**2 + 4*y + 6. Let w be t(i). Calculate the greatest common factor of q and w.
3
Suppose -3*h = -133 - 107. Suppose 0 = 3*o - k - h, -4*o - 2*k - 2*k + 128 = 0. What is the highest common factor of 4 and o?
4
Let f(r) = -r**3 + 10*r**2 - 18*r + 30. Let u be f(8). What is the greatest common factor of u and 322?
14
Suppose j + 3 = 4*j. Suppose -160 = -4*r - 0*r. Suppose -3*v - 2*v = -r. What is the highest common divisor of v and j?
1
Suppose 24*t - 870 - 738 = 0. Calculate the greatest common factor of t and 2881.
67
Let l = 290 + -282. What is the highest common factor of 24 and l?
8
Let m be (108/8)/(12/16). What is the highest common divisor of 153 and m?
9
Let c(i) = 13*i**2 + 4*i + 1. Let r be c(-2). Suppose d + 2*d = r. What is the greatest common divisor of 30 and d?
15
Let l = 111 - 116. Let m = l + 39. Calculate the highest common factor of 136 and m.
34
Suppose 40*f + 44726 = 78*f. What is the greatest common divisor of 107 and f?
107
Suppose -i = -100 - 45. Suppose -600